 4 + 9 - 4*j. Let l be a(4). List the prime factors of 2 - ((-8 - l) + 2).
3
Suppose 4*r - 2*r = 32. Let a be -3*1/(6/r). Let l = 21 + a. List the prime factors of l.
13
Let o = -4 - -7. Suppose -3*k + o = -5*n, -3*k + 6*k - 6 = 4*n. Suppose -l + 43 = 3*q - k*l, 0 = -4*l - 20. What are the prime factors of q?
2, 3
Let q be 5 + (-3 - -5) + -1. Suppose q*k = 5*k + 26. List the prime factors of k.
2, 13
Let w = 30 - -12. List the prime factors of w.
2, 3, 7
Let a(l) = 0*l - l**3 - l**2 + 4*l + 7*l**2 + 5*l + 3. List the prime factors of a(7).
17
Let j = -64 + 209. List the prime factors of j.
5, 29
Suppose -3*f = -f + q - 258, 0 = -4*f - 4*q + 512. What are the prime factors of f?
2, 5, 13
Suppose 3*h - 12 = 0, -3*h - 2 = -n - 14. Suppose n*q = -q. Let i = q + 4. What are the prime factors of i?
2
Suppose 224 = 11*j - 4396. What are the prime factors of j?
2, 3, 5, 7
Suppose -h + 2*h - 9 = 0. What are the prime factors of h?
3
Let k(u) = -4*u + 6. Let w be k(-5). What are the prime factors of (-10)/(-65) - (-100)/w?
2
Let m = -296 + 447. What are the prime factors of m?
151
Let z(x) = 7*x - 2. Let h be (-3)/(-2)*(-4)/(-3). List the prime factors of z(h).
2, 3
Suppose -3*s = 4*p - 155, 0*p - 158 = -4*p - 2*s. What are the prime factors of p?
41
Let z be 18/8 - 2/8. Let k(r) = 3*r - 1. List the prime factors of k(z).
5
Let m(d) = -d + 9. Let x(h) = h + 1. Let t be x(-1). List the prime factors of m(t).
3
Let b = -40 - -4. Let w = -17 - b. List the prime factors of w.
19
Suppose 0 = -3*d - 4*p + 261 - 65, -2*p = d - 66. List the prime factors of d.
2
Suppose -4*z + 0*l + 485 = -l, 0 = 4*z + 5*l - 455. List the prime factors of z.
2, 3, 5
Let k(x) = 10*x**2 + 2*x - 1. Let o be k(-2). Suppose -o = -v - 4*v. List the prime factors of v.
7
Let y(u) = u**2 + 8*u + 13. Let i be y(-9). Let w = -20 + i. List the prime factors of w.
2
What are the prime factors of (42/(-12))/((-1)/6)?
3, 7
Let l(z) = -z**2 + 7*z - 4. Let x be l(3). Suppose 2 = -3*u + x. Suppose 0 = -0*h + u*h - 2*d - 26, -62 = -4*h + 2*d. What are the prime factors of h?
2, 3
Suppose x - 8 = -5. Let j be (8/6)/((-4)/(-90)). Suppose -6*o = 5*f - o - j, x*f = o + 38. What are the prime factors of f?
11
Let a = -7 - -1. List the prime factors of (-4 - -7)*(-34)/a.
17
Suppose -16 = -3*t - 1. Let n(q) = 2*q**2 - 6*q + 6. What are the prime factors of n(t)?
2, 13
Suppose 0 = x - 4 - 6. Let a = 12 + x. Suppose -l + a = 5*n, 0 = -l + 2*n - n + 22. List the prime factors of l.
2, 11
What are the prime factors of ((-6)/(-4))/(-3*(-1)/210)?
3, 5, 7
Suppose -17*u + 21*u = 64. What are the prime factors of u?
2
Suppose 3*h + 1 = 4*g, -4 + 6 = 4*h - 2*g. Let k = 11 - h. List the prime factors of k.
2, 5
Let v = 13 + 36. What are the prime factors of v?
7
Suppose 7*z - 21 = 4*z. Suppose 4*r - 85 = -r - 2*s, 4*r - 2*s = 50. Suppose z + r = 2*l. List the prime factors of l.
11
Let b(v) = 245*v**2. List the prime factors of b(-1).
5, 7
Let h(z) = 7*z + 17. Let l(x) = x + 1. Let g(m) = h(m) - 6*l(m). List the prime factors of g(-7).
2
Suppose 0 = 2*k + 3*k - 45. List the prime factors of k.
3
Suppose -3*c = -4*m + 2*c + 216, -3*c = 2*m - 130. List the prime factors of m.
59
Suppose -3*h + 18 = -3*s, 2*s - 6 = h + 4*s. What are the prime factors of 13*(4/h - 1)?
13
Let m = -18 - -10. Let o = m - -13. Suppose 104 = 4*x + o*b, x - 38 = -3*b - 5. What are the prime factors of x?
3, 7
Suppose 0 = 4*j + 3*u - 3, -15 = -3*j + 2*j + 4*u. Suppose j*p - 10 = 17. What are the prime factors of p?
3
Suppose 0 = 200*d - 204*d + 584. List the prime factors of d.
2, 73
Let t be (-5 + 2)/(1 + -2). Let j(m) = -m - 1 + 2 + t. List the prime factors of j(0).
2
What are the prime factors of (-6375)/34*4/(-6)?
5
Let y be ((-3)/2)/(1/8). Let p = 37 + y. What are the prime factors of p?
5
Let j = -8 - -7. Let w = j - -3. List the prime factors of w.
2
Suppose -j + 8 = 7, -2*z + 2*j + 200 = 0. List the prime factors of z.
101
Let h be 0/((-4)/6*3). Suppose 3*g + 113 - 35 = h. What are the prime factors of (-3)/(-2)*g/(-3)?
13
Let t(s) = -s**2 - 15*s - 18. Let n be t(-15). What are the prime factors of (-69)/n + 1/6?
2
Suppose -2*f = 3*v - 248, -4*v - 5*f = v - 420. List the prime factors of v.
2, 5
Let n(s) = -s**3 - 15*s**2 - 11*s - 26. What are the prime factors of n(-15)?
139
Suppose -4*g - 1 + 9 = w, 3*g = -w + 6. Let o = -2 + w. Let j(r) = -r**3 - 2*r**2 - 2*r. List the prime factors of j(o).
2
Suppose -5*v - 15 = 0, v + 3 = -5*t + 90. List the prime factors of t.
2, 3
Suppose -325 + 1059 = 4*g + 2*j, -189 = -g + 5*j. What are the prime factors of g?
2, 23
What are the prime factors of (1090/(-325) + (-2)/(-13))*-50?
2, 5
Let p = 7 - 5. Suppose -p*z = 2*y + y - 54, -5*y - 4*z + 92 = 0. Suppose t - y = -t. What are the prime factors of t?
2
Let p be (-4)/((-2)/2 + -1). Let b be ((-24)/60)/(1/(-20)). Suppose p*n = -5*d + 50, 4*d - 5*n - 65 = b. List the prime factors of d.
2, 3
Let v(p) = 3*p - 15. Let n be v(5). Suppose -4*m + 29 = 3*i - n*i, -5*i = -m - 56. List the prime factors of i.
11
Let n be 10/25 + 106/10. Suppose 0 = 2*b + 3*x + 29, 5*x = -2*b + 4*b - n. Let d = -3 - b. List the prime factors of d.
2
Let j(z) = -z**3 - 15*z**2 - 15*z + 1. List the prime factors of j(-15).
2, 113
Let b = 288 - 180. List the prime factors of b.
2, 3
Suppose -o - 15 = -6*o. Suppose -k = -o*k + 16. Suppose -2*t - k = -4*t. List the prime factors of t.
2
Let d = 10 - 7. Suppose -5*l = 2*b - 43 - 11, -4*b = d*l - 108. List the prime factors of b.
3
Suppose 7*t + 9 = 4*t, 3*z = -t - 48. List the prime factors of (-1 - -9)/((-6)/z).
2, 5
Let b(i) = 2*i**3 + 10*i**2 - 10*i - 6. What are the prime factors of b(-5)?
2, 11
List the prime factors of (-3 + -3)*(-183)/6.
3, 61
Suppose 5*j + 35 = -0. Let t = -5 - j. Suppose 0 = -2*y - t + 18. What are the prime factors of y?
2
Let a = 2 - 0. Let j(w) be the first derivative of w**3/3 + w**2/2 + w - 2. What are the prime factors of j(a)?
7
Suppose -5*s + 15 = -10. Suppose 45 = 3*p - p + s*y, -5*p + 2*y = -40. What are the prime factors of p?
2, 5
Let f be (-2)/6 - 88/6. What are the prime factors of 10/(-3)*144/f?
2
Let l(v) = -3*v - 40. List the prime factors of l(-25).
5, 7
Let q = -24 + 59. List the prime factors of q.
5, 7
Let p(v) = -v + 8. Let s(a) = -4*a + 31. Let y(j) = -22*p(j) + 6*s(j). List the prime factors of y(0).
2, 5
Let n(i) = i + 9. Let f be n(-7). Suppose f*w + 22 = 4*w. List the prime factors of w.
11
Suppose -3*o = -4*d - 30 + 128, 3*d - 93 = 3*o. Let c = -15 - o. List the prime factors of c.
11
Let x = 300 + -209. What are the prime factors of x?
7, 13
Let a(z) = 3*z - 9. Suppose 5*p - 39 = -4. What are the prime factors of a(p)?
2, 3
Let r be 2 + -64 + (-4 - -2). What are the prime factors of r/(-6) - 6/(-18)?
11
Let j(y) = -y**2 - 9*y - 2. Let c be j(-10). Let i = c + 26. Let g = i + -10. List the prime factors of g.
2
Let k(y) = 2*y**3 + y**2. Let u be k(1). Let o(l) = -l**3 + 9*l**2 - l + 6 + 0*l**3 + 8*l + 2*l**u. List the prime factors of o(-8).
2, 7
Let n be (-11)/(-3 + 52/16). Let p = -23 - n. List the prime factors of p.
3, 7
Suppose 4*k - 4*w = 233 - 53, 0 = 2*k + 3*w - 70. List the prime factors of k.
41
Suppose -9*n + 28 = -188. List the prime factors of n.
2, 3
Let g be (1/2)/(4/120). Suppose 20 + g = 5*j. What are the prime factors of j?
7
Let p = -42 + 70. What are the prime factors of p?
2, 7
Let m = -23 - -57. List the prime factors of m.
2, 17
List the prime factors of 105 - 8 - (0 + -2 - -2).
97
Suppose -6 = -2*b + 3*b. List the prime factors of b/33 + 356/22.
2
Suppose -48 + 15 = -x. List the prime factors of x.
3, 11
Suppose 79 = 4*a + 27. List the prime factors of a.
13
Let d(q) = -q**3 + q**2 + q - 1. Let b(y) = y**3 + 6*y**2 - 11*y + 3. Let g(z) = -b(z) - 2*d(z). What are the prime factors of g(7)?
13
Suppose 5*w - 10 = -0*w. Suppose l - 2*o = 20, -6*l = -w*l + 2*o - 80. List the prime factors of l.
2, 5
Let q(j) = 43*j - 2. List the prime factors of q(1).
41
Let k = 9 - 6. List the prime factors of 26 + 1 + -1 - k.
23
Suppose 3*u - 52 = u. List the prime factors of u.
2, 13
Let x(z) be the first derivative of 3*z**3 + z**2 + z - 6. List the prime factors of x(2).
41
Let s = -8 - -12. Suppose 4 = -s*f + 72. List the prime factors of f.
17
Suppose -5*y + 9